 10*h + 307. Determine a(-20).
-693
Let n(a) = 22*a + 217. Give n(-9).
19
Let b(i) = -12*i**3 - 11*i**2 + 6*i + 15. What is b(-3)?
222
Let v(h) = -14*h + 1044. Calculate v(71).
50
Let o(r) = 9*r**2 + 45*r + 186. What is o(-7)?
312
Let l(y) = y**3 + 5*y**2 + 78*y + 292. Determine l(-4).
-4
Let r(z) = -z**2 - 664*z + 16524. Determine r(24).
12
Let u(b) = 15*b + 1038. What is u(-62)?
108
Let b(x) = -97*x - 366. Determine b(-4).
22
Let n(d) = -11*d**2 + 134*d - 58. Calculate n(11).
85
Let m(t) = -140*t - 4348. What is m(-31)?
-8
Let m(b) = -b**3 - 12*b**2 + 17*b + 42. Determine m(-13).
-10
Let a(m) = -119*m + 765. Calculate a(7).
-68
Let p(k) = 8657*k + 86590. Calculate p(-10).
20
Let u(p) = 2*p**2 - 136*p - 385. What is u(70)?
-105
Let y(d) = -2573*d - 18024. Calculate y(-7).
-13
Let t(x) = -5064*x - 15181. Give t(-3).
11
Let p(u) = 98*u + 1271. What is p(-13)?
-3
Let b(y) = 52*y - 436. What is b(8)?
-20
Let c(h) = -2*h**3 - 77*h**2 - 38*h - 55. Give c(-38).
-55
Let u(j) = 7*j**2 - 619*j - 3067. Give u(-5).
203
Let q(d) = 3*d**2 - 493*d + 5484. Give q(12).
0
Let p(q) = 59*q + 373. Give p(-6).
19
Let v(s) = -7*s**2 + 221*s + 737. Determine v(-3).
11
Let g(c) = -100*c + 694. Give g(7).
-6
Let x(p) = -2*p + 20. Determine x(5).
10
Let p(x) = 233*x - 7929. Determine p(34).
-7
Let f(s) = 6*s**2 - 1063*s - 6548. Calculate f(-6).
46
Let z(q) = q**3 + 15*q**2 - 7*q - 1. Calculate z(-15).
104
Let a(u) = 379*u + 1129. Give a(-3).
-8
Let w(h) = -h**3 - 19*h**2 - 31*h + 47. Determine w(-17).
-4
Let h(d) = 92*d - 924. Calculate h(10).
-4
Let y(l) = -2*l**2 + 94*l - 319. What is y(39)?
305
Let z(q) = q**3 + 18*q**2 - 259*q - 464. Determine z(-27).
-32
Let g(o) = -341*o**3 - 3*o**2 - 1. Give g(1).
-345
Let k(o) = o**3 + 8*o**2 + 3*o + 48. Give k(-9).
-60
Let x(a) = 244*a + 1938. Give x(-8).
-14
Let u(h) = 778*h + 758. What is u(-1)?
-20
Let z(n) = 3*n**3 + 30*n**2 - 9*n - 5. What is z(-6)?
481
Let o(j) = -3*j**2 - 7*j + 469. Determine o(0).
469
Let n(j) = 21*j**3 - 3*j**2 + 21*j - 37. Determine n(2).
161
Let g(b) = 4*b**2 + 199*b + 76. Give g(-49).
-71
Let a(t) = t**2 - 1196*t + 7152. Calculate a(6).
12
Let u(z) = -12*z + 518. Give u(34).
110
Let f(m) = -258*m - 1433. Calculate f(-5).
-143
Let d(c) = c**3 + 22*c**2 + 84*c - 4. Calculate d(-17).
13
Let x(f) = 242*f - 2183. Calculate x(9).
-5
Let r(c) = -c**3 + 15*c**2 - 11*c - 29. Determine r(14).
13
Let d(v) = 177*v - 531. What is d(3)?
0
Let l(u) = -183*u - 1045. What is l(-6)?
53
Let i(u) = 81*u**2 - 75*u + 1. What is i(1)?
7
Let d(k) = 4*k**2 - 6*k - 60. Calculate d(-4).
28
Let l(f) = 4*f**2 - 129*f - 7087. Give l(-29).
18
Let v(a) = 2127*a - 31868. Give v(15).
37
Let v(i) = i**2 - 82*i + 1056. Determine v(27).
-429
Let r(y) = -130*y - 486. Determine r(-5).
164
Let r(k) = -9*k**2 + 9*k + 63. What is r(-6)?
-315
Let v(s) = -4*s**2 - 24*s - 39. Determine v(-5).
-19
Let r(z) = -3*z**3 + 3*z**2 - 11*z - 13. What is r(3)?
-100
Let t(d) = 7*d - 97. Give t(32).
127
Let g(c) = 58*c + 1648. Calculate g(-29).
-34
Let u(f) = f**3 + 16*f**2 + 17*f + 28. Give u(-15).
-2
Let r(q) = 9*q**2 + 5*q - 34. What is r(2)?
12
Let z(j) = -j**3 + 8*j**2 + 41*j - 330. Calculate z(8).
-2
Let w(j) = 44*j + 2000. What is w(-46)?
-24
Let i(y) = -y**2 - 25*y - 74. Give i(-26).
-100
Let b(c) = 129*c - 13943. Calculate b(108).
-11
Let c(y) = -y**2 + 626*y - 8569. What is c(14)?
-1
Let p(q) = -23*q**2 - 14*q - 13. Calculate p(-1).
-22
Let r(c) = 41*c**3 - 2*c**2 + 1. Calculate r(1).
40
Let p(m) = 484*m + 247800. Determine p(-512).
-8
Let n(v) = 221*v + 8632. Determine n(-39).
13
Let a(q) = -2*q**3 - 24*q**2 - 74*q + 9. Determine a(-4).
49
Let f(v) = -4*v**2 + 14*v + 504. What is f(-10)?
-36
Let g(z) = 15*z**2 - 718*z - 18. Give g(48).
78
Let u(o) = 745*o - 5213. Calculate u(7).
2
Let v(y) = 19*y + 489. Give v(-23).
52
Let v(i) = 2*i**3 + 125*i**2 - 895*i + 144. What is v(-69)?
6
Let s(r) = 2*r**3 + 183*r**2 + 272*r + 146. Determine s(-90).
-34
Let m(t) = -31*t**2 + 88*t + 83. Calculate m(4).
-61
Let d(b) = 4*b - 358. What is d(47)?
-170
Let k(h) = 3*h**3 + 10*h**2 + 4*h - 90. Give k(4).
278
Let u(x) = x**2 - 85*x + 740. Give u(10).
-10
Let d(p) = -2*p**3 + 55*p**2 + 33*p - 98. Calculate d(28).
42
Let h(g) = g**3 - 2*g**2 - 45*g - 28. Calculate h(7).
-98
Let o(u) = -u**3 + 93*u**2 - 597*u - 456. Calculate o(86).
-26
Let r(l) = l**3 - 2*l**2 - 4*l + 15. Give r(4).
31
Let y(n) = -2*n**2 - 641*n + 5252. Determine y(8).
-4
Let z(x) = x**2 + 3229*x - 6454. Give z(2).
8
Let i(l) = 96*l + 1. Give i(0).
1
Let k(s) = 2*s**2 + 40*s + 423. Calculate k(-13).
241
Let s(z) = 14*z**2 - 187*z - 982. What is s(-5)?
303
Let s(r) = 14*r**2 - 4*r - 29. Give s(-2).
35
Let w(s) = -1072*s - 39655. Give w(-37).
9
Let v(u) = -2*u**3 - 11*u**2 + 1465*u + 8736. Give v(-6).
-18
Let c(s) = -78*s + 5150. Determine c(66).
2
Let w(m) = -7*m**2 + 82*m + 14. What is w(12)?
-10
Let h(k) = -108*k + 2033. Calculate h(16).
305
Let v(u) = 3*u**2 + 487*u - 2348. Determine v(-167).
-10
Let w(g) = -15*g - 920. Calculate w(-58).
-50
Let g(p) = -2*p**3 - 4*p**2 - 139*p - 274. Determine g(-2).
4
Let r(x) = -1062*x + 36106. What is r(34)?
-2
Let h(y) = -y**3 - 5*y**2 + 41*y - 2. Calculate h(-14).
1188
Let z(x) = 1663*x - 19970. Give z(12).
-14
Let y(n) = -661*n + 4621. Calculate y(7).
-6
Let x(m) = -120*m - 3011. What is x(-25)?
-11
Let o(y) = 2*y**3 + 44*y**2 + 16*y + 75. What is o(-22)?
-277
Let i(u) = 10*u**2 - 1030*u + 1043. Calculate i(102).
23
Let z(r) = -181*r**2 - 1450*r - 15. What is z(-8)?
1
Let o(h) = -43*h**2 + 30*h + 2. Determine o(1).
-11
Let x(l) = -6*l**2 + 223*l - 1822. What is x(12)?
-10
Let n(s) = 2*s**3 + 56*s**2 + 14*s + 393. Determine n(-28).
1
Let j(x) = -3*x - 31. Determine j(-25).
44
Let j(r) = -19*r**2 + 746*r + 745. Calculate j(-1).
-20
Let r(z) = z**3 - 16*z - 39. What is r(-3)?
-18
Let m(g) = -g**3 + 44*g**2 + 212*g + 209. Calculate m(-3).
-4
Let p(d) = 2*d**2 - 66*d - 1973. Determine p(-19).
3
Let g(p) = p**3 - 5*p**2 - 4*p - 77. Determine g(7).
-7
Let u(q) = 2*q**3 + 38*q**2 + 41*q + 14. What is u(-18)?
-76
Let y(u) = -12*u**2 - 103*u - 158. Calculate y(-9).
-203
Let m(h) = 2*h**3 - 15*h**2 + 3*h - 70. Calculate m(8).
18
Let k(v) = -v**2 - 57*v - 102. Give k(-57).
-102
Let x(g) = -g**3 + 23*g**2 - 43*g + 400. Determine x(22).
-62
Let z(y) = y**2 - 35*y - 482. Give z(-10).
-32
Let u(n) = 16*n**2 + 47*n - 6. Calculate u(-4).
62
Let p(y) = 25*y + 124. Calculate p(-7).
-51
Let p(z) = -3*z**3 - 175*z**2 - 28*z + 1736. Give p(-58).
-4
Let t(m) = m**2 + 172*m - 1436. Give t(8).
4
Let d(b) = 24*b**2 + 137*b - 33. Calculate d(-5).
-118
Let a(o) = 55*o + 16. Calculate a(-8).
-424
Let o(b) = -b**3 + 4*b**2 + 16*b - 84. Calculate o(5).
-29
Let k(g) = -g**3 + 134*g**2 + 2234*g + 149. What is k(149)?
0
Let p(f) = f**2 - 330*f - 985. What is p(-3)?
14
Let f(j) = -55*j + 720. Give f(13).
5
Let u(n) = n**2 - 188*n + 1930. What is u(11)?
-17
Let s(o) = 2*o**2 + 180*o + 2238. Calculate s(-75).
-12
Let g(h) = 16*h**3 - h**2 + h. Determine g(-2).
-134
Let z(v) = -2*v**2 - 63*v + 253. Give z(-35).
8
Let p(u) = -13*u - 583. Calculate p(-42).
-37
Let l(a) = -2266*a - 180. What is l(0)?
-180
Let o(v) = -42*v + 2594. What is o(51)?
452
Let t(k) = -425*k - 2549. What is t(-6)?
1
Let k(v) = -v**3 - 5*v**2 - 61*v - 319. What is k(-6)?
83
Let o(j) = 2*j**2 - 8*j - 45. Calculate o(-7).
109
Let g(v) = 12*v + 395. Give g(15).
575
Let c(n) = 5*n**3 - 7*n**2 - 13*n + 22. Calculate c(2).
8
Let p(s) = 38*s**3 - 3*s**2 + 32*s - 29. Give p(1).
38
Let u(d) = -d**2 + 41*d - 66. What is u(38)?
48
Let g(s) = -93*s - 1200. Determine g(-13).
9
Let r(g) = -g**2 + 27*g - 72. Determine r(24).
0
Let o(p) = 14*p + 211. Give o(-17).
-27
Let c(n) = 77*n + 132. Give c(-9).
-561
Let f(l) = -2*l**2 + 526*l - 3576. Give f(7).
8
Let r(p) = -p - 9. Give r(-13).
4
Let i(r) = r**3 - 19*r**2 + 81*r + 16. Give i(12).
-20
Let y(b) = -b**3 + 10*b**2 + 57*b - 39. Give y(14).
-25
Let v(f) = -3*f**2 - 414*f + 5. Calculate v(-138).
5
Let x(o) = 88*o**2 - 7*o + 8. What is x(1)?
89
Let r(l) = -l**3 - 8*l**2 - 6*l - 10. What is r(-3)?
-37
Let v(j) = 2*j**3 - 3*j**2 - 2*j + 8. Give v(3).
29
Let h(o) = 4*o**2 + 123*o + 789. Calculate h(-7).
124
Let r(n) = -33*n**2 - 1307*n + 530. Calculate r(-40).
10
Let c(l) = 4*l**3 - 93*l